d thousands digit of 174517?
1
What is the ten thousands digit of 27059?
2
What is the tens digit of 821?
2
What is the tens digit of 42?
4
What is the tens digit of 6345?
4
What is the units digit of 1690?
0
What is the units digit of 4232?
2
What is the units digit of 80749?
9
What is the units digit of 13115?
5
What is the tens digit of 10128?
2
What is the units digit of 66844?
4
What is the tens digit of 1439?
3
What is the hundreds digit of 1962?
9
What is the hundreds digit of 688?
6
What is the tens digit of 28941?
4
What is the units digit of 740?
0
What is the thousands digit of 3656?
3
What is the tens digit of 15173?
7
What is the units digit of 954?
4
What is the hundreds digit of 4150?
1
What is the hundreds digit of 9808?
8
What is the hundreds digit of 532?
5
What is the hundreds digit of 52929?
9
What is the ten thousands digit of 22149?
2
What is the tens digit of 50901?
0
What is the thousands digit of 5269?
5
What is the thousands digit of 118760?
8
What is the tens digit of 3749?
4
What is the tens digit of 40737?
3
What is the hundreds digit of 1590?
5
What is the units digit of 743?
3
What is the tens digit of 812?
1
What is the hundreds digit of 1027?
0
What is the thousands digit of 1091?
1
What is the thousands digit of 20144?
0
What is the tens digit of 838?
3
What is the thousands digit of 1881?
1
What is the thousands digit of 7923?
7
What is the tens digit of 4884?
8
What is the thousands digit of 16551?
6
What is the units digit of 9364?
4
What is the units digit of 6617?
7
What is the hundreds digit of 3457?
4
What is the thousands digit of 2391?
2
What is the tens digit of 41104?
0
What is the units digit of 120689?
9
What is the units digit of 1062?
2
What is the tens digit of 15665?
6
What is the thousands digit of 1403?
1
What is the thousands digit of 7195?
7
What is the ten thousands digit of 140808?
4
What is the hundreds digit of 9432?
4
What is the tens digit of 1664?
6
What is the hundreds digit of 5802?
8
What is the thousands digit of 2063?
2
What is the hundreds digit of 63939?
9
What is the units digit of 1292?
2
What is the units digit of 636?
6
What is the ten thousands digit of 13006?
1
What is the units digit of 25792?
2
What is the thousands digit of 1650?
1
What is the hundreds digit of 1119?
1
What is the units digit of 14288?
8
What is the thousands digit of 20419?
0
What is the tens digit of 5920?
2
What is the units digit of 22407?
7
What is the thousands digit of 11842?
1
What is the hundreds digit of 14436?
4
What is the thousands digit of 1737?
1
What is the hundreds digit of 749?
7
What is the hundreds digit of 1370?
3
What is the units digit of 2705?
5
What is the units digit of 856?
6
What is the tens digit of 108608?
0
What is the tens digit of 200?
0
What is the tens digit of 23209?
0
What is the hundreds digit of 157616?
6
What is the hundreds digit of 7411?
4
What is the ten thousands digit of 135953?
3
What is the tens digit of 11283?
8
What is the ten thousands digit of 38809?
3
What is the tens digit of 2275?
7
What is the tens digit of 18652?
5
What is the hundreds digit of 45784?
7
What is the thousands digit of 3033?
3
What is the tens digit of 1255?
5
What is the units digit of 3321?
1
What is the hundreds digit of 10786?
7
What is the tens digit of 12569?
6
What is the units digit of 74?
4
What is the units digit of 10994?
4
What is the thousands digit of 5139?
5
What is the thousands digit of 2069?
2
What is the tens digit of 1764?
6
What is the tens digit of 73845?
4
What is the thousands digit of 103088?
3
What is the units digit of 6428?
8
What is the thousands digit of 35273?
5
What is the ten thousands digit of 32703?
3
What is the thousands digit of 3303?
3
What is the units digit of 1430?
0
What is the thousands digit of 1115?
1
What is the tens digit of 47?
4
What is the ten thousands digit of 36279?
3
What is the tens digit of 6965?
6
What is the thousands digit of 141449?
1
What is the thousands digit of 38354?
8
What is the tens digit of 592?
9
What is the units digit of 380?
0
What is the hundreds digit of 57816?
8
What is the units digit of 1472?
2
What is the tens digit of 2151?
5
What is the ten thousands digit of 11310?
1
What is the tens digit of 125443?
4
What is the hundreds digit of 45446?
4
What is the ten thousands digit of 46314?
4
What is the thousands digit of 2848?
2
What is the hundreds digit of 2124?
1
What is the ten thousands digit of 15292?
1
What is the hundreds digit of 33271?
2
What is the units digit of 745?
5
What is the thousands digit of 3112?
3
What is the hundreds digit of 68687?
6
What is the units digit of 19893?
3
What is the tens digit of 74006?
0
What is the units digit of 17686?
6
What is the thousands digit of 96817?
6
What is the tens digit of 1018?
1
What is the tens digit of 8964?
6
What is the tens digit of 32687?
8
What is the units digit of 266?
6
What is the hundreds digit of 811?
8
What is the hundreds digit of 343?
3
What is the tens digit of 764?
6
What is the hundreds digit of 178960?
9
What is the thousands digit of 61101?
1
What is the units digit of 2002?
2
What is the tens digit of 737?
3
What is the ten thousands digit of 59682?
5
What is the hundreds digit of 536?
5
What is the tens digit of 92198?
9
What is the hundreds digit of 24962?
9
What is the hundreds digit of 31858?
8
What is the ten thousands digit of 39311?
3
What is the hundreds digit of 593?
5
What is the thousands digit of 173123?
3
What is the thousands digit of 13772?
3
What is the tens digit of 9181?
8
What is the tens digit of 1600?
0
What is the ten thousands digit of 20669?
2
What is the thousands digit of 53940?
3
What is the units digit of 242?
2
What is the hundreds digit of 9341?
3
What is the tens digit of 22104?
0
What is the units digit of 4687?
7
What is the tens digit of 8301?
0
What is the units digit of 435?
5
What is the tens digit of 19?
1
What is the ten thousands digit of 15786?
1
What is the tens digit of 2596?
9
What is the hundreds digit of 1210?
2
What is the hundreds digit of 30447?
4
What is the tens digit of 10704?
0
What is the hundreds digit of 53278?
2
What is the thousands digit of 87298?
7
What is the thousands digit of 8969?
8
What is the thousands digit of 27944?
7
What is the tens digit of 2092?
9
What is the units digit of 38?
8
What is the thousands digit of 27098?
7
What is the units digit of 2975?
5
What is the tens digit of 114111?
1
What is the thousands digit of 66062?
6
What is the thousands digit of 2285?
2
What is the units digit of 25?
5
What is the units digit of 2031?
1
What is the tens digit of 83?
8
What is the hundreds digit of 17884?
8
What is the thousands digit of 4187?
4
What is the tens digit of 872?
7
What is the units digit of 574?
4
What is the tens digit of 3047?
4
What is the units digit of 3396?
6
What is the tens digit of 3792?
9
What is the hundreds digit of 4825?
8
What is the units digit of 64790?
0
What is the ten thousands digit of 13740?
1
What is the units digit of 682?
2
What is the tens digit of 1061?
6
What is the tens digit of 13209?
0
What is the tens digit of 1453?
5
What is the units digit of 117?
7
What is the thousands digit of 29769?
9
What is the units digit of 2958?
8
What is the hundreds digit of 926?
9
What is the units digit of 105956?
6
What is the units digit of 303?
3
What is the thousands digit of 27067?
7
What is the ten thousands digit of 20380?
2
What is the thousands digit of 12928?
2
What is the hundreds digit of 815?
8
What is the hundreds digit of 440?
4
What is the units digit of 3845?
5
What is the thousands digit of 13237?
3
What is the thousands digit of 1160?
1
What is the hundreds digit of 106310?
3
What is the hundreds digit of 924?
9
What is the thousands digit of 1440?
1
What is the units digit of 689?
9
What is the ten thousands digit of 14846?
1
What is the thousands digit of 91696?
1
What is the tens digit of 1283?
8
What is the hundreds digit of 5222?
2
What is the units digit of 4883?
3
What is the hundreds digit of 411?
4
What is the thousands digit of 13520?
3
What is the units digit of 13118?
8
What is the thousands digit of 3061?
3
What is the thousands digit of 1977?
1
What is the thousands digit of 6839?
6
What is the tens 